{"id":335,"date":"2026-01-18T23:06:01","date_gmt":"2026-01-18T22:06:01","guid":{"rendered":"https:\/\/oppbygging.org\/start\/?page_id=335"},"modified":"2026-01-18T23:06:02","modified_gmt":"2026-01-18T22:06:02","slug":"dele","status":"publish","type":"page","link":"https:\/\/oppbygging.org\/start\/dele\/","title":{"rendered":"Dele"},"content":{"rendered":"\n<p>Hvis du kjenner noen som klarer \u00e5 av og til ta pause fra krig og fred og politikk og religion og s\u00e5nn, og fokuserer p\u00e5 hva de selv <em>liker<\/em>, fortell de gjerne om Oppbygging!<\/p>\n","protected":false},"excerpt":{"rendered":"<p>Hvis du kjenner noen som klarer \u00e5 av og til ta pause fra krig og fred og politikk og religion og s\u00e5nn, og fokuserer p\u00e5 hva de selv liker, fortell de gjerne om Oppbygging!<\/p>\n","protected":false},"author":1,"featured_media":0,"parent":0,"menu_order":0,"comment_status":"closed","ping_status":"closed","template":"","meta":{"footnotes":""},"class_list":["post-335","page","type-page","status-publish","hentry"],"_links":{"self":[{"href":"https:\/\/oppbygging.org\/start\/wp-json\/wp\/v2\/pages\/335","targetHints":{"allow":["GET"]}}],"collection":[{"href":"https:\/\/oppbygging.org\/start\/wp-json\/wp\/v2\/pages"}],"about":[{"href":"https:\/\/oppbygging.org\/start\/wp-json\/wp\/v2\/types\/page"}],"author":[{"embeddable":true,"href":"https:\/\/oppbygging.org\/start\/wp-json\/wp\/v2\/users\/1"}],"replies":[{"embeddable":true,"href":"https:\/\/oppbygging.org\/start\/wp-json\/wp\/v2\/comments?post=335"}],"version-history":[{"count":1,"href":"https:\/\/oppbygging.org\/start\/wp-json\/wp\/v2\/pages\/335\/revisions"}],"predecessor-version":[{"id":336,"href":"https:\/\/oppbygging.org\/start\/wp-json\/wp\/v2\/pages\/335\/revisions\/336"}],"wp:attachment":[{"href":"https:\/\/oppbygging.org\/start\/wp-json\/wp\/v2\/media?parent=335"}],"curies":[{"name":"wp","href":"https:\/\/api.w.org\/{rel}","templated":true}]}}