{"id":282,"date":"2025-12-30T22:12:09","date_gmt":"2025-12-30T21:12:09","guid":{"rendered":"https:\/\/oppbygging.org\/start\/?page_id=282"},"modified":"2025-12-30T22:12:10","modified_gmt":"2025-12-30T21:12:10","slug":"tanken-bak","status":"publish","type":"page","link":"https:\/\/oppbygging.org\/start\/om\/tanken-bak\/","title":{"rendered":"Tanken bak"},"content":{"rendered":"\n<figure class=\"wp-block-image alignright size-full is-resized\" style=\"margin-top:0;margin-right:var(--wp--preset--spacing--20);margin-bottom:0;margin-left:var(--wp--preset--spacing--20)\"><img loading=\"lazy\" decoding=\"async\" width=\"153\" height=\"243\" src=\"https:\/\/oppbygging.org\/start\/wp-content\/uploads\/2025\/10\/karate-rettet-litt-opp.png\" alt=\"\" class=\"wp-image-140\" style=\"width:197px;height:auto\"\/><figcaption class=\"wp-element-caption\">Ulf Ayirtahsk Berg<\/figcaption><\/figure>\n\n\n\n<p style=\"line-height:1.7\">Etter \u00e5 ha deltatt i \u2018alternative\u2019 sammen-henger p\u00e5 nettet og fysisk i et par ti\u00e5r, har jeg inntrykk av at mange g\u00e5r seg vill i \u2018glupe id\u00e9er\u2019 og i stabler\/timesvis med dokumentasjon av hva motparten holder p\u00e5 med. \u2018Oppbygging\u2019 er et initiativ for \u00e5 fokusere p\u00e5 selve de gode, praktiske tingene som g\u00e5r an \u00e5 sette ut i livet, her og n\u00e5.<\/p>\n\n\n\n<p style=\"line-height:1.7\">Initiativet er inspirert av en amerikansk podcast \u2014 og noe som ble forklart om milj\u00f8et av g\u00e5rdbrukere og folk som kanskje &#8216;bare&#8217; dyrker tomater i vinduet i sin byleilighet. Deres milj\u00f8 har en \u00e5rlig festival pluss en nettavis; samtidig som mange av de er veldig \u2018konspi\u2019, velger de \u00e5 sette opp en konkret sammenheng bare satt av til kreativ aktivitet for hverdagslivet.<\/p>\n\n\n\n<p style=\"line-height:1.7\">Innenfor oppbygging.org-sammenhengen fokuserer vi p\u00e5 ting vi liker og som er bra i seg selv, og trykker inn pause-knappen p\u00e5 samfunnsmessig diskusjon og debatt, politikk og konspirasjonsteorier. Vi klarer da \u00e5 agere, som er noe annet enn \u00e5 <em>re-<\/em>agere. Fokus p\u00e5 samfunnsmessige ting du ikke liker, \u2018legges igjen i garderoben\u2019 n\u00e5r du g\u00e5r inn i akkurat denne, ene sammenhengen. Metoden er \u00e5 legge vekk ideologi.<\/p>\n\n\n\n<h2 class=\"wp-block-heading\" style=\"line-height:1.7\">Den dypere forklaringen<\/h2>\n\n\n\n<p style=\"line-height:1.7\">Mye br\u00e5k og destruktiv konflikt er basert p\u00e5 artikulerte id\u00e9er. Det er ingen hemmelighet at jeg &#8212; og antagelig du &#8212; er litt uavhengige og selvstendige tenkere som har &#8216;konspi&#8217; perspektiver p\u00e5 forskjellige sider ved det som foreg\u00e5r i samfunnet. Da kan man samtidig huske p\u00e5 at p\u00e5standen &#8216;2 + 2 = 4&#8217; kan sies \u00e5 ikke v\u00e6re ideologisk&#8230; Det er derimot p\u00e5standen &#8216;2 + 2 = 5&#8217;.<\/p>\n\n\n\n<p style=\"line-height:1.7\">De som vinner p\u00e5 at kampskrift, kontrakter og manifester legges vekk, er de som roper at keiseren er naken&#8230; Keiseren <em>er<\/em> naken; dette er ingen ideologisk p\u00e5stand. Men det begrepet, den konstruksjonen, at keiseren har &#8216;vakre nye kl\u00e6r&#8217; er et triks som tjener en sosial agenda som g\u00e5r p\u00e5 tvers av det umiddelbare, det naturlige.<\/p>\n\n\n\n<p style=\"line-height:1.7\">For \u00e5 ha en sammenhengende definisjon som kan gjelde for en sosial situasjon, sier vi her at hele det ideologiske fokuset h\u00f8rer hjemme <em>utenfor<\/em>. Dette gjelder da for dine samfunnsmessige <em>motstandere<\/em>, og det gjelder ogs\u00e5 for <em>deg<\/em>.<\/p>\n\n\n\n<figure class=\"wp-block-image size-large is-resized\" style=\"margin-top:var(--wp--preset--spacing--50);margin-bottom:var(--wp--preset--spacing--50)\"><img loading=\"lazy\" decoding=\"async\" width=\"785\" height=\"1024\" src=\"https:\/\/oppbygging.org\/start\/wp-content\/uploads\/2025\/07\/Immanuel_Kant_-_Gemaelde_1-785x1024.jpg\" alt=\"\" class=\"wp-image-103\" style=\"width:263px;height:auto\" srcset=\"https:\/\/oppbygging.org\/start\/wp-content\/uploads\/2025\/07\/Immanuel_Kant_-_Gemaelde_1-785x1024.jpg 785w, https:\/\/oppbygging.org\/start\/wp-content\/uploads\/2025\/07\/Immanuel_Kant_-_Gemaelde_1-230x300.jpg 230w, https:\/\/oppbygging.org\/start\/wp-content\/uploads\/2025\/07\/Immanuel_Kant_-_Gemaelde_1-768x1002.jpg 768w, https:\/\/oppbygging.org\/start\/wp-content\/uploads\/2025\/07\/Immanuel_Kant_-_Gemaelde_1.jpg 1009w\" sizes=\"auto, (max-width: 785px) 100vw, 785px\" \/><figcaption class=\"wp-element-caption\">Portrett av Immanuel Kant, 1768<\/figcaption><\/figure>\n\n\n\n<p style=\"line-height:1.7\">En konflikt i samfunnet kan vi se at typisk handler om at fiender av naturlige ordninger pr\u00f8ver \u00e5 sette inn deres egne, hjemmesnekrede forst\u00e5elser, istedenfor det naturgitte. De bruker spr\u00e5k, symboler og forestillinger for \u00e5 pr\u00f8ve \u00e5 oppn\u00e5 sosial kontroll.<\/p>\n\n\n\n<p style=\"line-height:1.7\">Det er relevant \u00e5 se p\u00e5 forskjellen p\u00e5 spr\u00e5k, persepsjoner og bevissthet, p\u00e5 den ene siden, og p\u00e5 den andre siden det som bare &#8216;er&#8217; i seg selv. En illustrasjon kan for eksempel v\u00e6re fakta kontra meninger: kaffe <em>er<\/em> en drikk, mens det er din <em>mening<\/em> at kaffe er velsmakende.<\/p>\n\n\n\n<p style=\"line-height:1.7\">Noen kjente figurer blandt tenkere og filosofer, har g\u00e5tt inn i forskjeller av denne typen. Immanuel Kant hadde for eksempel et begrep han kalte &#8216;noumenon&#8217;, og er ogs\u00e5 kjent for uttrykket &#8216;das Ding an sich&#8217;. Vi trenger ikke noe politisk Parti i Staten, eller heller noen religion, for \u00e5 drikke vann n\u00e5r vi er t\u00f8rst; det er bare livet s\u00e5nn som det er.<\/p>\n\n\n\n<h2 class=\"wp-block-heading\" style=\"line-height:1.7\">Eksterne linker<\/h2>\n\n\n\n<ul class=\"wp-block-list\">\n<li style=\"line-height:1.7\"><a href=\"https:\/\/www.youtube.com\/watch?v=FFRJstGQMa0\">Building Beartaria Part Two: Beartaria Rises Trailer<\/a><\/li>\n\n\n\n<li style=\"line-height:1.7\"><a href=\"https:\/\/no.wikipedia.org\/wiki\/La_trahison_des_images\">La trahison des images | Wikipedia<\/a><\/li>\n\n\n\n<li style=\"line-height:1.7\"><a href=\"https:\/\/www.britannica.com\/topic\/noumenon\">Noumenon | Encyclopedia Britannica<\/a><\/li>\n<\/ul>\n\n\n\n<div style=\"height:28px\" aria-hidden=\"true\" class=\"wp-block-spacer\"><\/div>\n\n\n\n<figure class=\"wp-block-image size-large is-resized\"><img loading=\"lazy\" decoding=\"async\" width=\"1024\" height=\"1024\" src=\"https:\/\/oppbygging.org\/start\/wp-content\/uploads\/2025\/07\/IMG_20250713_220623_1-1024x1024.jpg\" alt=\"\" class=\"wp-image-102\" style=\"width:80px;height:auto\" srcset=\"https:\/\/oppbygging.org\/start\/wp-content\/uploads\/2025\/07\/IMG_20250713_220623_1-1024x1024.jpg 1024w, https:\/\/oppbygging.org\/start\/wp-content\/uploads\/2025\/07\/IMG_20250713_220623_1-300x300.jpg 300w, https:\/\/oppbygging.org\/start\/wp-content\/uploads\/2025\/07\/IMG_20250713_220623_1-150x150.jpg 150w, https:\/\/oppbygging.org\/start\/wp-content\/uploads\/2025\/07\/IMG_20250713_220623_1-768x768.jpg 768w, https:\/\/oppbygging.org\/start\/wp-content\/uploads\/2025\/07\/IMG_20250713_220623_1.jpg 1097w\" sizes=\"auto, (max-width: 1024px) 100vw, 1024px\" \/><\/figure>\n\n\n\n<p><a href=\"mailto:ulf@oppbygging.org\">Ulf Ayirtahsk Berg<\/a><\/p>\n\n\n\n<p>Sandvika, 23. juli 2025<\/p>\n\n\n\n<div style=\"height:27px\" aria-hidden=\"true\" class=\"wp-block-spacer\"><\/div>\n\n\n\n<h2 class=\"wp-block-heading\">Dele<\/h2>\n","protected":false},"excerpt":{"rendered":"<p>Etter \u00e5 ha deltatt i \u2018alternative\u2019 sammen-henger p\u00e5 nettet og fysisk i et par ti\u00e5r, har jeg inntrykk av at mange g\u00e5r seg vill i \u2018glupe id\u00e9er\u2019 og i stabler\/timesvis med dokumentasjon av hva motparten holder p\u00e5 med. \u2018Oppbygging\u2019 er et initiativ for \u00e5 fokusere p\u00e5 selve de gode, praktiske tingene som g\u00e5r an \u00e5 [&hellip;]<\/p>\n","protected":false},"author":1,"featured_media":0,"parent":99,"menu_order":0,"comment_status":"closed","ping_status":"closed","template":"","meta":{"footnotes":""},"class_list":["post-282","page","type-page","status-publish","hentry"],"_links":{"self":[{"href":"https:\/\/oppbygging.org\/start\/wp-json\/wp\/v2\/pages\/282","targetHints":{"allow":["GET"]}}],"collection":[{"href":"https:\/\/oppbygging.org\/start\/wp-json\/wp\/v2\/pages"}],"about":[{"href":"https:\/\/oppbygging.org\/start\/wp-json\/wp\/v2\/types\/page"}],"author":[{"embeddable":true,"href":"https:\/\/oppbygging.org\/start\/wp-json\/wp\/v2\/users\/1"}],"replies":[{"embeddable":true,"href":"https:\/\/oppbygging.org\/start\/wp-json\/wp\/v2\/comments?post=282"}],"version-history":[{"count":1,"href":"https:\/\/oppbygging.org\/start\/wp-json\/wp\/v2\/pages\/282\/revisions"}],"predecessor-version":[{"id":283,"href":"https:\/\/oppbygging.org\/start\/wp-json\/wp\/v2\/pages\/282\/revisions\/283"}],"up":[{"embeddable":true,"href":"https:\/\/oppbygging.org\/start\/wp-json\/wp\/v2\/pages\/99"}],"wp:attachment":[{"href":"https:\/\/oppbygging.org\/start\/wp-json\/wp\/v2\/media?parent=282"}],"curies":[{"name":"wp","href":"https:\/\/api.w.org\/{rel}","templated":true}]}}

<figure class="wp-block-image alignright size-full is-resized" style="margin-top:0;margin-right:var(--wp--preset--spacing--20);margin-bottom:0;margin-left:var(--wp--preset--spacing--20)"><img loading="lazy" decoding="async" width="153" height="243" src="https://oppbygging.org/start/wp-content/uploads/2025/10/karate-rettet-litt-opp.png" alt="" class="wp-image-140" style="width:197px;height:auto"/><figcaption class="wp-element-caption">Ulf Ayirtahsk Berg</figcaption></figure>



<p style="line-height:1.7">Etter å ha deltatt i ‘alternative’ sammen-henger på nettet og fysisk i et par tiår, har jeg inntrykk av at mange går seg vill i ‘glupe idéer’ og i stabler/timesvis med dokumentasjon av hva motparten holder på med. ‘Oppbygging’ er et initiativ for å fokusere på selve de gode, praktiske tingene som går an å sette ut i livet, her og nå.</p>



<p style="line-height:1.7">Initiativet er inspirert av en amerikansk podcast — og noe som ble forklart om miljøet av gårdbrukere og folk som kanskje &#8216;bare&#8217; dyrker tomater i vinduet i sin byleilighet. Deres miljø har en årlig festival pluss en nettavis; samtidig som mange av de er veldig ‘konspi’, velger de å sette opp en konkret sammenheng bare satt av til kreativ aktivitet for hverdagslivet.</p>



<p style="line-height:1.7">Innenfor oppbygging.org-sammenhengen fokuserer vi på ting vi liker og som er bra i seg selv, og trykker inn pause-knappen på samfunnsmessig diskusjon og debatt, politikk og konspirasjonsteorier. Vi klarer da å agere, som er noe annet enn å <em>re-</em>agere. Fokus på samfunnsmessige ting du ikke liker, ‘legges igjen i garderoben’ når du går inn i akkurat denne, ene sammenhengen. Metoden er å legge vekk ideologi.</p>



<h2 class="wp-block-heading" style="line-height:1.7">Den dypere forklaringen</h2>



<p style="line-height:1.7">Mye bråk og destruktiv konflikt er basert på artikulerte idéer. Det er ingen hemmelighet at jeg &#8212; og antagelig du &#8212; er litt uavhengige og selvstendige tenkere som har &#8216;konspi&#8217; perspektiver på forskjellige sider ved det som foregår i samfunnet. Da kan man samtidig huske på at påstanden &#8216;2 + 2 = 4&#8217; kan sies å ikke være ideologisk&#8230; Det er derimot påstanden &#8216;2 + 2 = 5&#8217;.</p>



<p style="line-height:1.7">De som vinner på at kampskrift, kontrakter og manifester legges vekk, er de som roper at keiseren er naken&#8230; Keiseren <em>er</em> naken; dette er ingen ideologisk påstand. Men det begrepet, den konstruksjonen, at keiseren har &#8216;vakre nye klær&#8217; er et triks som tjener en sosial agenda som går på tvers av det umiddelbare, det naturlige.</p>



<p style="line-height:1.7">For å ha en sammenhengende definisjon som kan gjelde for en sosial situasjon, sier vi her at hele det ideologiske fokuset hører hjemme <em>utenfor</em>. Dette gjelder da for dine samfunnsmessige <em>motstandere</em>, og det gjelder også for <em>deg</em>.</p>



<figure class="wp-block-image size-large is-resized" style="margin-top:var(--wp--preset--spacing--50);margin-bottom:var(--wp--preset--spacing--50)"><img loading="lazy" decoding="async" width="785" height="1024" src="https://oppbygging.org/start/wp-content/uploads/2025/07/Immanuel_Kant_-_Gemaelde_1-785x1024.jpg" alt="" class="wp-image-103" style="width:263px;height:auto" srcset="https://oppbygging.org/start/wp-content/uploads/2025/07/Immanuel_Kant_-_Gemaelde_1-785x1024.jpg 785w, https://oppbygging.org/start/wp-content/uploads/2025/07/Immanuel_Kant_-_Gemaelde_1-230x300.jpg 230w, https://oppbygging.org/start/wp-content/uploads/2025/07/Immanuel_Kant_-_Gemaelde_1-768x1002.jpg 768w, https://oppbygging.org/start/wp-content/uploads/2025/07/Immanuel_Kant_-_Gemaelde_1.jpg 1009w" sizes="auto, (max-width: 785px) 100vw, 785px" /><figcaption class="wp-element-caption">Portrett av Immanuel Kant, 1768</figcaption></figure>



<p style="line-height:1.7">En konflikt i samfunnet kan vi se at typisk handler om at fiender av naturlige ordninger prøver å sette inn deres egne, hjemmesnekrede forståelser, istedenfor det naturgitte. De bruker språk, symboler og forestillinger for å prøve å oppnå sosial kontroll.</p>



<p style="line-height:1.7">Det er relevant å se på forskjellen på språk, persepsjoner og bevissthet, på den ene siden, og på den andre siden det som bare &#8216;er&#8217; i seg selv. En illustrasjon kan for eksempel være fakta kontra meninger: kaffe <em>er</em> en drikk, mens det er din <em>mening</em> at kaffe er velsmakende.</p>



<p style="line-height:1.7">Noen kjente figurer blandt tenkere og filosofer, har gått inn i forskjeller av denne typen. Immanuel Kant hadde for eksempel et begrep han kalte &#8216;noumenon&#8217;, og er også kjent for uttrykket &#8216;das Ding an sich&#8217;. Vi trenger ikke noe politisk Parti i Staten, eller heller noen religion, for å drikke vann når vi er tørst; det er bare livet sånn som det er.</p>



<h2 class="wp-block-heading" style="line-height:1.7">Eksterne linker</h2>



<ul class="wp-block-list">
<li style="line-height:1.7"><a href="https://www.youtube.com/watch?v=FFRJstGQMa0">Building Beartaria Part Two: Beartaria Rises Trailer</a></li>



<li style="line-height:1.7"><a href="https://no.wikipedia.org/wiki/La_trahison_des_images">La trahison des images | Wikipedia</a></li>



<li style="line-height:1.7"><a href="https://www.britannica.com/topic/noumenon">Noumenon | Encyclopedia Britannica</a></li>
</ul>



<div style="height:28px" aria-hidden="true" class="wp-block-spacer"></div>



<figure class="wp-block-image size-large is-resized"><img loading="lazy" decoding="async" width="1024" height="1024" src="https://oppbygging.org/start/wp-content/uploads/2025/07/IMG_20250713_220623_1-1024x1024.jpg" alt="" class="wp-image-102" style="width:80px;height:auto" srcset="https://oppbygging.org/start/wp-content/uploads/2025/07/IMG_20250713_220623_1-1024x1024.jpg 1024w, https://oppbygging.org/start/wp-content/uploads/2025/07/IMG_20250713_220623_1-300x300.jpg 300w, https://oppbygging.org/start/wp-content/uploads/2025/07/IMG_20250713_220623_1-150x150.jpg 150w, https://oppbygging.org/start/wp-content/uploads/2025/07/IMG_20250713_220623_1-768x768.jpg 768w, https://oppbygging.org/start/wp-content/uploads/2025/07/IMG_20250713_220623_1.jpg 1097w" sizes="auto, (max-width: 1024px) 100vw, 1024px" /></figure>



<p><a href="mailto:ulf@oppbygging.org">Ulf Ayirtahsk Berg</a></p>



<p>Sandvika, 23. juli 2025</p>



<div style="height:27px" aria-hidden="true" class="wp-block-spacer"></div>



<h2 class="wp-block-heading">Dele</h2>

<p>Etter å ha deltatt i ‘alternative’ sammen-henger på nettet og fysisk i et par tiår, har jeg inntrykk av at mange går seg vill i ‘glupe idéer’ og i stabler/timesvis med dokumentasjon av hva motparten holder på med. ‘Oppbygging’ er et initiativ for å fokusere på selve de gode, praktiske tingene som går an å [&hellip;]</p>
