{"id":428,"date":"2025-08-20T05:55:21","date_gmt":"2025-08-20T03:55:21","guid":{"rendered":"https:\/\/oppbygging.org\/leir\/?page_id=428"},"modified":"2025-08-21T13:23:53","modified_gmt":"2025-08-21T11:23:53","slug":"adkomst","status":"publish","type":"page","link":"https:\/\/oppbygging.org\/leir\/adkomst\/","title":{"rendered":"Adkomst"},"content":{"rendered":"\n<h1 class=\"wp-block-heading\">Adkomst<\/h1>\n\n\n\n<figure class=\"wp-block-image size-full is-resized\" style=\"margin-top:var(--wp--preset--spacing--50);margin-bottom:var(--wp--preset--spacing--50)\"><img loading=\"lazy\" decoding=\"async\" width=\"720\" height=\"480\" src=\"https:\/\/oppbygging.org\/leir\/wp-content\/uploads\/2025\/08\/vlcsnap-2025-08-03-03h37m25s688-1-edited.png\" alt=\"\" class=\"wp-image-401\" style=\"width:379px;height:auto\" srcset=\"https:\/\/oppbygging.org\/leir\/wp-content\/uploads\/2025\/08\/vlcsnap-2025-08-03-03h37m25s688-1-edited.png 720w, https:\/\/oppbygging.org\/leir\/wp-content\/uploads\/2025\/08\/vlcsnap-2025-08-03-03h37m25s688-1-edited-300x200.png 300w\" sizes=\"auto, (max-width: 720px) 100vw, 720px\" \/><\/figure>\n\n\n\n<h2 class=\"wp-block-heading\">Bil<\/h2>\n\n\n\n<p>Gratis parkering.<\/p>\n\n\n\n<p><strong>Adresse:<\/strong> Jahrenbakkene 7, 3484 Holmsbu<\/p>\n\n\n\n<div style=\"height:11px\" aria-hidden=\"true\" class=\"wp-block-spacer\"><\/div>\n\n\n\n<h2 class=\"wp-block-heading\">Buss<\/h2>\n\n\n\n<p><strong>N\u00e6rmeste holdeplass:<\/strong> &#8216;Jahrenbakkene&#8217; (<a href=\"https:\/\/maps.app.goo.gl\/Dmof6XUfsVFmwWuFA\">Google Maps<\/a>)<\/p>\n\n\n\n<div style=\"height:11px\" aria-hidden=\"true\" class=\"wp-block-spacer\"><\/div>\n\n\n\n<h3 class=\"wp-block-heading\">Fra Drammen<\/h3>\n\n\n\n<h4 class=\"wp-block-heading\">Fredag<\/h4>\n\n\n\n<p><strong>15:40<\/strong> Linje <strong>261<\/strong>&nbsp;Midtbygda (Bragernes torg&#8211;Amtmannssvingen)<br><em>og s\u00e5 overgang<\/em>&#8230;<br><strong>15:56<\/strong> Linje <strong>2082<\/strong> Filtvet (Amtmannssvingen&#8211;Jahrenbakkene)<br>Ankomst 16:39<\/p>\n\n\n\n<p>L\u00f8rdag<\/p>\n\n\n\n<p><strong>11:06<\/strong> Linje <strong>251<\/strong>&nbsp;\u00c5sheim &#8211; S\u00e6tre (Bragernes torg&#8211;\u00c5sheim bussterminal)<br><em>og s\u00e5 overgang<\/em>&#8230;<br><strong>11:58<\/strong> Linje <strong>256<\/strong> S\u00e6tre (\u00c5sheim bussterminal&#8211;Jahrenbakkene)<br>Ankomst 12:11<\/p>\n\n\n\n<div style=\"height:11px\" aria-hidden=\"true\" class=\"wp-block-spacer\"><\/div>\n\n\n\n<h3 class=\"wp-block-heading\">Fra Oslo<\/h3>\n\n\n\n<h4 class=\"wp-block-heading\">Fredag<\/h4>\n\n\n\n<p><strong>15:09<\/strong> F\u00f8rst <strong><em>tog<\/em><\/strong> linje <strong>R12<\/strong> Braker\u00f8ya (Oslo S&#8211;Braker\u00f8ya stasjon)<br><em>og s\u00e5 overgang<\/em>&#8230;<br><strong>15:48<\/strong> buss linje <strong>261<\/strong> Midtbygda (Drammen sykehus Braker\u00f8ya&#8211;Amtmannssvingen)<br><em>og s\u00e5 overgang<\/em>&#8230;<br><strong>15:56<\/strong> buss linje <strong>2082<\/strong> Filtvet (Amtmannssvingen&#8211;Jahrenbakkene)<br>Ankomst 16:39<\/p>\n\n\n\n<p>Alternativt (fredag)&#8230;<br><strong>16:39<\/strong> F\u00f8rst <strong><em>tog<\/em><\/strong> linje RE11 Braker\u00f8ya (Oslo S&#8211;Braker\u00f8ya stasjon)<br><em>og s\u00e5 overgang<\/em>&#8230;<br><strong>17:14<\/strong> buss linje <strong>251<\/strong>&nbsp;\u00c5sheim &#8211; S\u00e6tre (Drammen sykehus Braker\u00f8ya&#8211;\u00c5sheim bussterminal)<br><em>og s\u00e5 overgang<\/em>&#8230;<br><strong>17:58<\/strong> buss linje <strong>256<\/strong>&nbsp;S\u00e6tre (\u00c5sheim bussterminal&#8211;Jahrenbakkene)<br>Ankomst 18:11<\/p>\n\n\n\n<h4 class=\"wp-block-heading\">L\u00f8rdag<\/h4>\n\n\n\n<p><strong>09:26<\/strong> Linje <strong>250<\/strong> S\u00e6tre (Nationaltheatret&#8211;S\u00e6tre bussterminal)<br><em>og s\u00e5 overgang<\/em>&#8230;<br><strong>10:50<\/strong> Linje <strong>256<\/strong> \u00c5sheim bussterminal (S\u00e6tre bussterminal&#8211;Jahrenbakkene)<br>Ankomst 11:33<\/p>\n\n\n\n<p class=\"has-text-color has-link-color wp-elements-be1d7fdd533410a9633bd8dddddca2b1\" style=\"color:#cb2605\"><strong>Returbuss g\u00e5r annenhver time, siste klokken 22:11.<\/strong><\/p>\n\n\n\n<div style=\"height:16px\" aria-hidden=\"true\" class=\"wp-block-spacer\"><\/div>\n\n\n\n<p><a href=\"https:\/\/oppbygging.org\/leir\/\" data-type=\"page\" data-id=\"49\">Forsiden<\/a><\/p>\n\n\n\n<div style=\"height:16px\" aria-hidden=\"true\" class=\"wp-block-spacer\"><\/div>\n\n\n\n<h2 class=\"wp-block-heading\">Dele<\/h2>\n","protected":false},"excerpt":{"rendered":"<p>Adkomst Bil Gratis parkering. Adresse: Jahrenbakkene 7, 3484 Holmsbu Buss N\u00e6rmeste holdeplass: &#8216;Jahrenbakkene&#8217; (Google Maps) Fra Drammen Fredag 15:40 Linje 261&nbsp;Midtbygda (Bragernes torg&#8211;Amtmannssvingen)og s\u00e5 overgang&#8230;15:56 Linje 2082 Filtvet (Amtmannssvingen&#8211;Jahrenbakkene)Ankomst 16:39 L\u00f8rdag 11:06 Linje 251&nbsp;\u00c5sheim &#8211; S\u00e6tre (Bragernes torg&#8211;\u00c5sheim bussterminal)og s\u00e5 overgang&#8230;11:58 Linje 256 S\u00e6tre (\u00c5sheim bussterminal&#8211;Jahrenbakkene)Ankomst 12:11 Fra Oslo Fredag 15:09 F\u00f8rst tog linje R12 [&hellip;]<\/p>\n","protected":false},"author":1,"featured_media":0,"parent":0,"menu_order":0,"comment_status":"closed","ping_status":"closed","template":"","meta":{"footnotes":""},"class_list":["post-428","page","type-page","status-publish","hentry"],"_links":{"self":[{"href":"https:\/\/oppbygging.org\/leir\/wp-json\/wp\/v2\/pages\/428","targetHints":{"allow":["GET"]}}],"collection":[{"href":"https:\/\/oppbygging.org\/leir\/wp-json\/wp\/v2\/pages"}],"about":[{"href":"https:\/\/oppbygging.org\/leir\/wp-json\/wp\/v2\/types\/page"}],"author":[{"embeddable":true,"href":"https:\/\/oppbygging.org\/leir\/wp-json\/wp\/v2\/users\/1"}],"replies":[{"embeddable":true,"href":"https:\/\/oppbygging.org\/leir\/wp-json\/wp\/v2\/comments?post=428"}],"version-history":[{"count":21,"href":"https:\/\/oppbygging.org\/leir\/wp-json\/wp\/v2\/pages\/428\/revisions"}],"predecessor-version":[{"id":460,"href":"https:\/\/oppbygging.org\/leir\/wp-json\/wp\/v2\/pages\/428\/revisions\/460"}],"wp:attachment":[{"href":"https:\/\/oppbygging.org\/leir\/wp-json\/wp\/v2\/media?parent=428"}],"curies":[{"name":"wp","href":"https:\/\/api.w.org\/{rel}","templated":true}]}}