{"id":216,"date":"2025-07-18T05:16:50","date_gmt":"2025-07-18T03:16:50","guid":{"rendered":"https:\/\/oppbygging.org\/kaffe\/?page_id=216"},"modified":"2025-09-10T21:23:54","modified_gmt":"2025-09-10T19:23:54","slug":"arrangoren","status":"publish","type":"page","link":"https:\/\/oppbygging.org\/kaffe\/arrangoren\/","title":{"rendered":"Arrang\u00f8ren"},"content":{"rendered":"\n<figure class=\"wp-block-image alignright size-full is-resized\" style=\"margin-right:var(--wp--preset--spacing--20);margin-left:var(--wp--preset--spacing--20)\"><img loading=\"lazy\" decoding=\"async\" width=\"153\" height=\"243\" src=\"https:\/\/oppbygging.org\/kaffe\/wp-content\/uploads\/2025\/09\/karate-rettet-litt-opp.png\" alt=\"\" class=\"wp-image-498\" style=\"width:213px;height:auto\"\/><figcaption class=\"wp-element-caption\">Ulf Ayirtahsk Berg<\/figcaption><\/figure>\n\n\n\n<p class=\"has-large-font-size\" style=\"font-style:normal;font-weight:500\">Etter \u00e5 ha deltatt i &#8216;alternative&#8217; sammen&shy;henger p\u00e5 nettet og fysisk i et par ti\u00e5r, har jeg inntrykk av at mange g\u00e5r seg vill i &#8216;glupe id\u00e9er&#8217; og i stabler\/timesvis med dokumentasjon av hva motparten holder p\u00e5 med. &#8216;Oppbygging&#8217; er et initiativ for \u00e5 fokusere p\u00e5 selve de gode, praktiske tingene som g\u00e5r an \u00e5 sette ut i livet, her og n\u00e5.<\/p>\n\n\n\n<p>Med <em>enn\u00e5 <\/em>st\u00f8rre fokus p\u00e5 langsiktige, gode m\u00e5lsettinger enn p\u00e5 d\u00e5rlige ting som jo virkelig fins i verden (ingen later som noe annet!), og som en begeistret lytter av internettradio, fikk jeg lyst til \u00e5 bruke mine beskjedne ferdigheter til \u00e5 sette opp noe felles p\u00e5 Internett.<\/p>\n\n\n\n<p>Dermed ble <strong>&#8216;Oppbygging Radio&#8217;<\/strong> et vellykket eksperiment i f\u00f8rste halvdel av 2023. Ihvertfall teknisk. Tanken var inspirert av en amerikansk podcast &#8212; og noe som hadde blitt forklart om milj\u00f8et av g\u00e5rdbrukere og folk som kanskje &#8216;bare&#8217; dyrker tomater i vinduet i sin byleilighet.<\/p>\n\n\n\n<p>Deres milj\u00f8 har en \u00e5rlig festival pluss en nettavis; samtidig som mange av de er <em>veldig<\/em> &#8216;konspi&#8217;, velger de \u00e5 sette opp en konkret sammenheng bare satt av til kreativ aktivitet for hverdagslivet.<\/p>\n\n\n\n<p>Jeg er blandt de som er ganske hverdagsfilosofisk anlagt, og syns at det jeg h\u00f8rte om virker som en fantastisk &#8216;n\u00f8kkel&#8217; som kan brukes til \u00e5 bygge noe menneskelig og verdifullt.<\/p>\n\n\n\n<figure class=\"wp-block-image size-large is-resized\"><img loading=\"lazy\" decoding=\"async\" width=\"1024\" height=\"1024\" src=\"https:\/\/oppbygging.org\/kaffe\/wp-content\/uploads\/2025\/07\/IMG_20250713_220623_1-1024x1024.jpg\" alt=\"\" class=\"wp-image-218\" style=\"width:94px;height:auto\" srcset=\"https:\/\/oppbygging.org\/kaffe\/wp-content\/uploads\/2025\/07\/IMG_20250713_220623_1-1024x1024.jpg 1024w, https:\/\/oppbygging.org\/kaffe\/wp-content\/uploads\/2025\/07\/IMG_20250713_220623_1-300x300.jpg 300w, https:\/\/oppbygging.org\/kaffe\/wp-content\/uploads\/2025\/07\/IMG_20250713_220623_1-150x150.jpg 150w, https:\/\/oppbygging.org\/kaffe\/wp-content\/uploads\/2025\/07\/IMG_20250713_220623_1-768x768.jpg 768w, https:\/\/oppbygging.org\/kaffe\/wp-content\/uploads\/2025\/07\/IMG_20250713_220623_1.jpg 1097w\" sizes=\"auto, (max-width: 1024px) 100vw, 1024px\" \/><\/figure>\n\n\n\n<p><a href=\"mailto:ulf@oppbygging.org\">Ulf<\/a><\/p>\n\n\n\n<p>oppbygging.org<\/p>\n\n\n\n<div style=\"height:16px\" aria-hidden=\"true\" class=\"wp-block-spacer\"><\/div>\n\n\n\n<p><a href=\"https:\/\/oppbygging.org\/kaffe\/\" data-type=\"page\" data-id=\"49\">Forsiden<\/a><\/p>\n\n\n\n<div style=\"height:16px\" aria-hidden=\"true\" class=\"wp-block-spacer\"><\/div>\n\n\n\n<h2 class=\"wp-block-heading\">Dele<\/h2>\n","protected":false},"excerpt":{"rendered":"<p>Etter \u00e5 ha deltatt i &#8216;alternative&#8217; sammen&shy;henger p\u00e5 nettet og fysisk i et par ti\u00e5r, har jeg inntrykk av at mange g\u00e5r seg vill i &#8216;glupe id\u00e9er&#8217; og i stabler\/timesvis [&hellip;]<\/p>\n","protected":false},"author":1,"featured_media":0,"parent":0,"menu_order":0,"comment_status":"closed","ping_status":"closed","template":"","meta":{"_price":"","_stock":"","_tribe_ticket_header":"","_tribe_default_ticket_provider":"","_tribe_ticket_capacity":"0","_ticket_start_date":"","_ticket_end_date":"","_tribe_ticket_show_description":"","_tribe_ticket_show_not_going":false,"_tribe_ticket_use_global_stock":"","_tribe_ticket_global_stock_level":"","_global_stock_mode":"","_global_stock_cap":"","_tribe_rsvp_for_event":"","_tribe_ticket_going_count":"","_tribe_ticket_not_going_count":"","_tribe_tickets_list":"[]","_tribe_ticket_has_attendee_info_fields":false,"_EventAllDay":false,"_EventTimezone":"","_EventStartDate":"","_EventEndDate":"","_EventStartDateUTC":"","_EventEndDateUTC":"","_EventShowMap":false,"_EventShowMapLink":false,"_EventURL":"","_EventCost":"","_EventCostDescription":"","_EventCurrencySymbol":"","_EventCurrencyCode":"","_EventCurrencyPosition":"","_EventDateTimeSeparator":"","_EventTimeRangeSeparator":"","_EventOrganizerID":[],"_EventVenueID":[],"_OrganizerEmail":"","_OrganizerPhone":"","_OrganizerWebsite":"","_VenueAddress":"","_VenueCity":"","_VenueCountry":"","_VenueProvince":"","_VenueState":"","_VenueZip":"","_VenuePhone":"","_VenueURL":"","_VenueStateProvince":"","_VenueLat":"","_VenueLng":"","_VenueShowMap":false,"_VenueShowMapLink":false,"footnotes":"","_tec_slr_enabled":"","_tec_slr_layout":""},"class_list":["post-216","page","type-page","status-publish","hentry"],"ticketed":false,"_links":{"self":[{"href":"https:\/\/oppbygging.org\/kaffe\/wp-json\/wp\/v2\/pages\/216","targetHints":{"allow":["GET"]}}],"collection":[{"href":"https:\/\/oppbygging.org\/kaffe\/wp-json\/wp\/v2\/pages"}],"about":[{"href":"https:\/\/oppbygging.org\/kaffe\/wp-json\/wp\/v2\/types\/page"}],"author":[{"embeddable":true,"href":"https:\/\/oppbygging.org\/kaffe\/wp-json\/wp\/v2\/users\/1"}],"replies":[{"embeddable":true,"href":"https:\/\/oppbygging.org\/kaffe\/wp-json\/wp\/v2\/comments?post=216"}],"version-history":[{"count":27,"href":"https:\/\/oppbygging.org\/kaffe\/wp-json\/wp\/v2\/pages\/216\/revisions"}],"predecessor-version":[{"id":507,"href":"https:\/\/oppbygging.org\/kaffe\/wp-json\/wp\/v2\/pages\/216\/revisions\/507"}],"wp:attachment":[{"href":"https:\/\/oppbygging.org\/kaffe\/wp-json\/wp\/v2\/media?parent=216"}],"curies":[{"name":"wp","href":"https:\/\/api.w.org\/{rel}","templated":true}]}}

Arrangøren

<figure class="wp-block-image alignright size-full is-resized" style="margin-right:var(--wp--preset--spacing--20);margin-left:var(--wp--preset--spacing--20)"><img loading="lazy" decoding="async" width="153" height="243" src="https://oppbygging.org/kaffe/wp-content/uploads/2025/09/karate-rettet-litt-opp.png" alt="" class="wp-image-498" style="width:213px;height:auto"/><figcaption class="wp-element-caption">Ulf Ayirtahsk Berg</figcaption></figure>



<p class="has-large-font-size" style="font-style:normal;font-weight:500">Etter å ha deltatt i &#8216;alternative&#8217; sammen&shy;henger på nettet og fysisk i et par tiår, har jeg inntrykk av at mange går seg vill i &#8216;glupe idéer&#8217; og i stabler/timesvis med dokumentasjon av hva motparten holder på med. &#8216;Oppbygging&#8217; er et initiativ for å fokusere på selve de gode, praktiske tingene som går an å sette ut i livet, her og nå.</p>



<p>Med <em>ennå </em>større fokus på langsiktige, gode målsettinger enn på dårlige ting som jo virkelig fins i verden (ingen later som noe annet!), og som en begeistret lytter av internettradio, fikk jeg lyst til å bruke mine beskjedne ferdigheter til å sette opp noe felles på Internett.</p>



<p>Dermed ble <strong>&#8216;Oppbygging Radio&#8217;</strong> et vellykket eksperiment i første halvdel av 2023. Ihvertfall teknisk. Tanken var inspirert av en amerikansk podcast &#8212; og noe som hadde blitt forklart om miljøet av gårdbrukere og folk som kanskje &#8216;bare&#8217; dyrker tomater i vinduet i sin byleilighet.</p>



<p>Deres miljø har en årlig festival pluss en nettavis; samtidig som mange av de er <em>veldig</em> &#8216;konspi&#8217;, velger de å sette opp en konkret sammenheng bare satt av til kreativ aktivitet for hverdagslivet.</p>



<p>Jeg er blandt de som er ganske hverdagsfilosofisk anlagt, og syns at det jeg hørte om virker som en fantastisk &#8216;nøkkel&#8217; som kan brukes til å bygge noe menneskelig og verdifullt.</p>



<figure class="wp-block-image size-large is-resized"><img loading="lazy" decoding="async" width="1024" height="1024" src="https://oppbygging.org/kaffe/wp-content/uploads/2025/07/IMG_20250713_220623_1-1024x1024.jpg" alt="" class="wp-image-218" style="width:94px;height:auto" srcset="https://oppbygging.org/kaffe/wp-content/uploads/2025/07/IMG_20250713_220623_1-1024x1024.jpg 1024w, https://oppbygging.org/kaffe/wp-content/uploads/2025/07/IMG_20250713_220623_1-300x300.jpg 300w, https://oppbygging.org/kaffe/wp-content/uploads/2025/07/IMG_20250713_220623_1-150x150.jpg 150w, https://oppbygging.org/kaffe/wp-content/uploads/2025/07/IMG_20250713_220623_1-768x768.jpg 768w, https://oppbygging.org/kaffe/wp-content/uploads/2025/07/IMG_20250713_220623_1.jpg 1097w" sizes="auto, (max-width: 1024px) 100vw, 1024px" /></figure>



<p><a href="mailto:ulf@oppbygging.org">Ulf</a></p>



<p>oppbygging.org</p>



<div style="height:16px" aria-hidden="true" class="wp-block-spacer"></div>



<p><a href="https://oppbygging.org/kaffe/" data-type="page" data-id="49">Forsiden</a></p>



<div style="height:16px" aria-hidden="true" class="wp-block-spacer"></div>



<h2 class="wp-block-heading">Dele</h2>

<p>Etter å ha deltatt i &#8216;alternative&#8217; sammen&shy;henger på nettet og fysisk i et par tiår, har jeg inntrykk av at mange går seg vill i &#8216;glupe idéer&#8217; og i stabler/timesvis [&hellip;]</p>
