{"id":236,"date":"2026-04-10T01:10:06","date_gmt":"2026-04-09T23:10:06","guid":{"rendered":"https:\/\/oppbygging.org\/forsiden2026\/om\/"},"modified":"2026-04-17T09:47:43","modified_gmt":"2026-04-17T07:47:43","slug":"om","status":"publish","type":"page","link":"https:\/\/oppbygging.org\/forsiden2026\/om\/","title":{"rendered":""},"content":{"rendered":"\n<div class=\"wp-block-group has-base-background-color has-background is-layout-flow wp-block-group-is-layout-flow\" style=\"padding-top:var(--wp--preset--spacing--30);padding-right:var(--wp--preset--spacing--30);padding-bottom:var(--wp--preset--spacing--30);padding-left:var(--wp--preset--spacing--30)\">\n<h1 class=\"wp-block-heading\" style=\"font-style:normal;font-weight:500\">Om<\/h1>\n\n\n\n<p class=\"has-large-font-size\">Sammenheng for \u00e5 v\u00e6re <em>for<\/em> noe. Det vil alts\u00e5 si \u00e5 agere, som kan v\u00e6re noe annet enn \u00e5 re-agere.<\/p>\n<\/div>\n\n\n\n<p><\/p>\n","protected":false},"excerpt":{"rendered":"<p>Om Sammenheng for \u00e5 v\u00e6re for noe. Det vil alts\u00e5 si \u00e5 agere, som kan v\u00e6re noe annet enn \u00e5 re-agere.<\/p>\n","protected":false},"author":1,"featured_media":0,"parent":0,"menu_order":0,"comment_status":"closed","ping_status":"closed","template":"","meta":{"footnotes":""},"class_list":["post-236","page","type-page","status-publish","hentry"],"_links":{"self":[{"href":"https:\/\/oppbygging.org\/forsiden2026\/wp-json\/wp\/v2\/pages\/236","targetHints":{"allow":["GET"]}}],"collection":[{"href":"https:\/\/oppbygging.org\/forsiden2026\/wp-json\/wp\/v2\/pages"}],"about":[{"href":"https:\/\/oppbygging.org\/forsiden2026\/wp-json\/wp\/v2\/types\/page"}],"author":[{"embeddable":true,"href":"https:\/\/oppbygging.org\/forsiden2026\/wp-json\/wp\/v2\/users\/1"}],"replies":[{"embeddable":true,"href":"https:\/\/oppbygging.org\/forsiden2026\/wp-json\/wp\/v2\/comments?post=236"}],"version-history":[{"count":4,"href":"https:\/\/oppbygging.org\/forsiden2026\/wp-json\/wp\/v2\/pages\/236\/revisions"}],"predecessor-version":[{"id":310,"href":"https:\/\/oppbygging.org\/forsiden2026\/wp-json\/wp\/v2\/pages\/236\/revisions\/310"}],"wp:attachment":[{"href":"https:\/\/oppbygging.org\/forsiden2026\/wp-json\/wp\/v2\/media?parent=236"}],"curies":[{"name":"wp","href":"https:\/\/api.w.org\/{rel}","templated":true}]}}