{"id":193,"date":"2026-04-09T10:05:21","date_gmt":"2026-04-09T08:05:21","guid":{"rendered":"https:\/\/oppbygging.org\/forsiden2026\/?page_id=193"},"modified":"2026-04-09T20:50:05","modified_gmt":"2026-04-09T18:50:05","slug":"sommerleir","status":"publish","type":"page","link":"https:\/\/oppbygging.org\/forsiden2026\/sommerleir\/","title":{"rendered":""},"content":{"rendered":"\n<div class=\"wp-block-group has-base-background-color has-background wp-container-content-90d19858 is-vertical is-layout-flex wp-container-core-group-is-layout-274f5b33 wp-block-group-is-layout-flex\" style=\"padding-top:var(--wp--preset--spacing--30);padding-right:var(--wp--preset--spacing--30);padding-bottom:var(--wp--preset--spacing--30);padding-left:var(--wp--preset--spacing--30)\">\n<h1 class=\"wp-block-heading\"><strong>Sommerleir<\/strong><\/h1>\n\n\n\n<div class=\"wp-block-group is-layout-flow wp-block-group-is-layout-flow\">\n<figure class=\"wp-block-image size-full is-resized has-custom-border\"><img loading=\"lazy\" decoding=\"async\" width=\"567\" height=\"378\" src=\"https:\/\/oppbygging.org\/forsiden2026\/wp-content\/uploads\/2026\/04\/rettet-men-kun-den-i-midten-edited.png\" alt=\"\" class=\"has-border-color has-accent-4-border-color wp-image-204\" style=\"border-width:7px;border-top-left-radius:30px;border-top-right-radius:30px;border-bottom-left-radius:30px;border-bottom-right-radius:30px;width:320px\" srcset=\"https:\/\/oppbygging.org\/forsiden2026\/wp-content\/uploads\/2026\/04\/rettet-men-kun-den-i-midten-edited.png 567w, https:\/\/oppbygging.org\/forsiden2026\/wp-content\/uploads\/2026\/04\/rettet-men-kun-den-i-midten-edited-300x200.png 300w\" sizes=\"auto, (max-width: 567px) 100vw, 567px\" \/><\/figure>\n<\/div>\n\n\n\n<p style=\"font-size:clamp(1.092rem, 1.092rem + ((1vw - 0.2rem) * 0.954), 1.7rem);\">Kanskje f\u00e5r vi til en sammenkomst med overnatting. Et s\u00e5nt arrangement er antagelig mest naturlig p\u00e5 sommeren.&nbsp;<strong>Har du lyst til \u00e5 bidra til \u00e5 skape rom for det&nbsp;<em>du<\/em>&nbsp;liker?<\/strong>&nbsp;Klaus Schwab kan vi snakke om andre steder.<\/p>\n\n\n\n<p style=\"font-size:clamp(1.092rem, 1.092rem + ((1vw - 0.2rem) * 0.954), 1.7rem);\">Har du tenkt \u00e5 starte opp noen ny virksomhet, eller skal l\u00e6re deg \u00e5 spille gitar? Kanskje du har begynt p\u00e5 talekurs, eller har tatt opp en ny diett? \ud83d\udcaa<\/p>\n\n\n\n<h2 class=\"wp-block-heading\"><strong>Arkiv<\/strong><\/h2>\n\n\n\n<p style=\"font-size:clamp(1.092rem, 1.092rem + ((1vw - 0.2rem) * 0.954), 1.7rem);\">Tidligere arrangement:<\/p>\n\n\n\n<ul class=\"wp-block-list\">\n<li style=\"font-size:clamp(1.092rem, 1.092rem + ((1vw - 0.2rem) * 0.954), 1.7rem);\"><a href=\"https:\/\/oppbygging.org\/leir\/\">22.\u201324. august 2025<\/a><\/li>\n<\/ul>\n\n\n\n<div style=\"height:15px\" aria-hidden=\"true\" class=\"wp-block-spacer wp-container-content-42c95ffb\"><\/div>\n<\/div>\n","protected":false},"excerpt":{"rendered":"<p>Sommerleir Kanskje f\u00e5r vi til en sammenkomst med overnatting. Et s\u00e5nt arrangement er antagelig mest naturlig p\u00e5 sommeren.&nbsp;Har du lyst til \u00e5 bidra til \u00e5 skape rom for det&nbsp;du&nbsp;liker?&nbsp;Klaus Schwab kan vi snakke om andre steder. Har du tenkt \u00e5 starte opp noen ny virksomhet, eller skal l\u00e6re deg \u00e5 spille gitar? Kanskje du har [&hellip;]<\/p>\n","protected":false},"author":1,"featured_media":0,"parent":0,"menu_order":0,"comment_status":"closed","ping_status":"closed","template":"","meta":{"footnotes":""},"class_list":["post-193","page","type-page","status-publish","hentry"],"_links":{"self":[{"href":"https:\/\/oppbygging.org\/forsiden2026\/wp-json\/wp\/v2\/pages\/193","targetHints":{"allow":["GET"]}}],"collection":[{"href":"https:\/\/oppbygging.org\/forsiden2026\/wp-json\/wp\/v2\/pages"}],"about":[{"href":"https:\/\/oppbygging.org\/forsiden2026\/wp-json\/wp\/v2\/types\/page"}],"author":[{"embeddable":true,"href":"https:\/\/oppbygging.org\/forsiden2026\/wp-json\/wp\/v2\/users\/1"}],"replies":[{"embeddable":true,"href":"https:\/\/oppbygging.org\/forsiden2026\/wp-json\/wp\/v2\/comments?post=193"}],"version-history":[{"count":5,"href":"https:\/\/oppbygging.org\/forsiden2026\/wp-json\/wp\/v2\/pages\/193\/revisions"}],"predecessor-version":[{"id":233,"href":"https:\/\/oppbygging.org\/forsiden2026\/wp-json\/wp\/v2\/pages\/193\/revisions\/233"}],"wp:attachment":[{"href":"https:\/\/oppbygging.org\/forsiden2026\/wp-json\/wp\/v2\/media?parent=193"}],"curies":[{"name":"wp","href":"https:\/\/api.w.org\/{rel}","templated":true}]}}

<div class="wp-block-group has-base-background-color has-background wp-container-content-90d19858 is-vertical is-layout-flex wp-container-core-group-is-layout-274f5b33 wp-block-group-is-layout-flex" style="padding-top:var(--wp--preset--spacing--30);padding-right:var(--wp--preset--spacing--30);padding-bottom:var(--wp--preset--spacing--30);padding-left:var(--wp--preset--spacing--30)">
<h1 class="wp-block-heading"><strong>Sommerleir</strong></h1>



<div class="wp-block-group is-layout-flow wp-block-group-is-layout-flow">
<figure class="wp-block-image size-full is-resized has-custom-border"><img loading="lazy" decoding="async" width="567" height="378" src="https://oppbygging.org/forsiden2026/wp-content/uploads/2026/04/rettet-men-kun-den-i-midten-edited.png" alt="" class="has-border-color has-accent-4-border-color wp-image-204" style="border-width:7px;border-top-left-radius:30px;border-top-right-radius:30px;border-bottom-left-radius:30px;border-bottom-right-radius:30px;width:320px" srcset="https://oppbygging.org/forsiden2026/wp-content/uploads/2026/04/rettet-men-kun-den-i-midten-edited.png 567w, https://oppbygging.org/forsiden2026/wp-content/uploads/2026/04/rettet-men-kun-den-i-midten-edited-300x200.png 300w" sizes="auto, (max-width: 567px) 100vw, 567px" /></figure>
</div>



<p style="font-size:clamp(1.092rem, 1.092rem + ((1vw - 0.2rem) * 0.954), 1.7rem);">Kanskje får vi til en sammenkomst med overnatting. Et sånt arrangement er antagelig mest naturlig på sommeren.&nbsp;<strong>Har du lyst til å bidra til å skape rom for det&nbsp;<em>du</em>&nbsp;liker?</strong>&nbsp;Klaus Schwab kan vi snakke om andre steder.</p>



<p style="font-size:clamp(1.092rem, 1.092rem + ((1vw - 0.2rem) * 0.954), 1.7rem);">Har du tenkt å starte opp noen ny virksomhet, eller skal lære deg å spille gitar? Kanskje du har begynt på talekurs, eller har tatt opp en ny diett? 💪</p>



<h2 class="wp-block-heading"><strong>Arkiv</strong></h2>



<p style="font-size:clamp(1.092rem, 1.092rem + ((1vw - 0.2rem) * 0.954), 1.7rem);">Tidligere arrangement:</p>



<ul class="wp-block-list">
<li style="font-size:clamp(1.092rem, 1.092rem + ((1vw - 0.2rem) * 0.954), 1.7rem);"><a href="https://oppbygging.org/leir/">22.–24. august 2025</a></li>
</ul>



<div style="height:15px" aria-hidden="true" class="wp-block-spacer wp-container-content-42c95ffb"></div>
</div>

<p>Sommerleir Kanskje får vi til en sammenkomst med overnatting. Et sånt arrangement er antagelig mest naturlig på sommeren.&nbsp;Har du lyst til å bidra til å skape rom for det&nbsp;du&nbsp;liker?&nbsp;Klaus Schwab kan vi snakke om andre steder. Har du tenkt å starte opp noen ny virksomhet, eller skal lære deg å spille gitar? Kanskje du har [&hellip;]</p>
