{"id":10,"date":"2026-04-08T04:13:56","date_gmt":"2026-04-08T02:13:56","guid":{"rendered":"https:\/\/oppbygging.org\/forsiden2026\/?page_id=10"},"modified":"2026-04-22T16:14:24","modified_gmt":"2026-04-22T14:14:24","slug":"10-2","status":"publish","type":"page","link":"https:\/\/oppbygging.org\/forsiden2026\/","title":{"rendered":""},"content":{"rendered":"\n<div class=\"wp-block-group has-base-background-color has-background is-layout-flow wp-block-group-is-layout-flow\" style=\"margin-top:0;margin-bottom:var(--wp--preset--spacing--30);padding-top:var(--wp--preset--spacing--30);padding-right:var(--wp--preset--spacing--30);padding-bottom:var(--wp--preset--spacing--30);padding-left:var(--wp--preset--spacing--30)\">\n<p style=\"font-size:clamp(1.198rem, 1.198rem + ((1vw - 0.2rem) * 1.101), 1.9rem);\">Filosofen&nbsp;<strong>Friedrich Nietzsche<\/strong>&nbsp;beskriver i&nbsp;<em>Slik talte Zarathustra<\/em>&nbsp;en tredeling av menneskets \u00e5ndelige utvikling gjennom tre symbolske skikkelser:&nbsp;<strong>kamelen, l\u00f8ven og barnet<\/strong>. Sammen beskriver disse tre stadiene en bevegelse fra underkastelse, via frigj\u00f8ring, til skapende selvbestemmelse.<\/p>\n<\/div>\n\n\n\n<div class=\"wp-block-group has-base-background-color has-background is-layout-flow wp-container-core-group-is-layout-778b2e3c wp-block-group-is-layout-flow\" style=\"margin-top:var(--wp--preset--spacing--30);margin-bottom:var(--wp--preset--spacing--30);padding-top:var(--wp--preset--spacing--30);padding-right:var(--wp--preset--spacing--30);padding-bottom:var(--wp--preset--spacing--30);padding-left:var(--wp--preset--spacing--30)\">\n<div class=\"wp-block-group is-content-justification-space-between is-layout-flex wp-container-core-group-is-layout-cdb5618c wp-block-group-is-layout-flex\" style=\"margin-top:0;margin-bottom:0;padding-top:0;padding-bottom:0\">\n<p class=\"wp-container-content-9cfa9a5a\" style=\"margin-top:0;margin-right:0;margin-bottom:0;margin-left:0;padding-top:0;padding-right:0;padding-bottom:0;padding-left:0;font-size:clamp(1.092rem, 1.092rem + ((1vw - 0.2rem) * 0.954), 1.7rem);\"><strong>Oppbygging.org<\/strong>&nbsp;er ikke en avdeling innenfor Fremskrittspartiet, Jehovas Vitner, Binders eller Den Norske Hjemmedataklubben, men er derimot 1) en&nbsp;<a href=\"https:\/\/oppbygging.org\/start\/om\/tanken-bak\/\">id\u00e9 som oppstod i hodet til Ulf Ayirtahsk Berg<\/a>, 2) et nettsted han kj\u00f8pte for 137 kr, og 3) en sammenheng for \u00e5 m\u00f8te folk som har noe i livet de syns er bra.<\/p>\n<\/div>\n<\/div>\n\n\n\n<div class=\"wp-block-group has-base-background-color has-background wp-container-content-90d19858 is-vertical is-layout-flex wp-container-core-group-is-layout-d4c5dd98 wp-block-group-is-layout-flex\" style=\"margin-top:var(--wp--preset--spacing--30);margin-bottom:var(--wp--preset--spacing--30);padding-top:var(--wp--preset--spacing--30);padding-right:var(--wp--preset--spacing--30);padding-bottom:var(--wp--preset--spacing--40);padding-left:var(--wp--preset--spacing--30)\">\n<h1 class=\"wp-block-heading\" style=\"font-style:normal;font-weight:500\">Kaffe<\/h1>\n\n\n\n<div class=\"wp-block-group is-layout-flow wp-block-group-is-layout-flow\">\n<figure class=\"wp-block-image size-full is-resized has-custom-border wp-container-content-8eb0bdf3\" style=\"margin-top:var(--wp--preset--spacing--20);margin-bottom:var(--wp--preset--spacing--20)\"><a href=\"https:\/\/oppbygging.org\/kaffe\/\"><img loading=\"lazy\" decoding=\"async\" width=\"514\" height=\"342\" src=\"https:\/\/oppbygging.org\/forsiden2026\/wp-content\/uploads\/2026\/04\/rettet-edited.png\" alt=\"\" class=\"has-border-color has-accent-4-border-color wp-image-184\" style=\"border-width:7px;border-top-left-radius:30px;border-top-right-radius:30px;border-bottom-left-radius:30px;border-bottom-right-radius:30px;width:320px\" srcset=\"https:\/\/oppbygging.org\/forsiden2026\/wp-content\/uploads\/2026\/04\/rettet-edited.png 514w, https:\/\/oppbygging.org\/forsiden2026\/wp-content\/uploads\/2026\/04\/rettet-edited-300x200.png 300w\" sizes=\"auto, (max-width: 514px) 100vw, 514px\" \/><\/a><\/figure>\n<\/div>\n\n\n\n<p style=\"font-size:clamp(1.092rem, 1.092rem + ((1vw - 0.2rem) * 0.954), 1.7rem);\">V\u00e5re kaffeslabberas er for deg som har lyst til \u00e5 sosialisere deg litt i en sammenheng satt av til <strong>deg<\/strong> og ting&nbsp;<em><strong>du<\/strong><\/em>&nbsp;liker. Bill Gates kan vi snakke masse om i andre sammenhenger.<\/p>\n\n\n\n<p style=\"font-size:clamp(1.092rem, 1.092rem + ((1vw - 0.2rem) * 0.954), 1.7rem);\">Sammenkomsten har ett eller to forh\u00e5ndsavtalte korte foredrag om skaping, l\u00e6ring eller lignende, og resten av tiden prater vi og drikker kaffe: Holder du p\u00e5 med \u00e5 strikke noe, eller kanskje bygger hus, trener styrke eller l\u00e6rer spansk? \ud83d\udcaa<\/p>\n\n\n\n<p style=\"font-size:clamp(1.092rem, 1.092rem + ((1vw - 0.2rem) * 0.954), 1.7rem);\"><strong><a href=\"https:\/\/oppbygging.org\/kaffe\/\" target=\"_blank\" rel=\"noreferrer noopener\">Lese mer<\/a><\/strong><\/p>\n<\/div>\n\n\n\n<div class=\"wp-block-group has-base-background-color has-background wp-container-content-90d19858 is-vertical is-layout-flex wp-container-core-group-is-layout-e5d5efbd wp-block-group-is-layout-flex\" style=\"margin-top:var(--wp--preset--spacing--30);margin-bottom:var(--wp--preset--spacing--30);padding-top:var(--wp--preset--spacing--30);padding-right:var(--wp--preset--spacing--30);padding-bottom:var(--wp--preset--spacing--30);padding-left:var(--wp--preset--spacing--30)\">\n<h1 class=\"wp-block-heading\" style=\"font-style:normal;font-weight:500\">Leir<\/h1>\n\n\n\n<div class=\"wp-block-group is-layout-flow wp-block-group-is-layout-flow\">\n<figure class=\"wp-block-image size-large is-resized has-custom-border\" style=\"margin-top:var(--wp--preset--spacing--20);margin-bottom:var(--wp--preset--spacing--20)\"><a href=\"https:\/\/oppbygging.org\/forsiden2026\/sommerleir\/\"><img loading=\"lazy\" decoding=\"async\" width=\"567\" height=\"378\" src=\"https:\/\/oppbygging.org\/forsiden2026\/wp-content\/uploads\/2026\/04\/rettet-men-kun-den-i-midten-edited.png\" alt=\"\" class=\"has-border-color has-accent-4-border-color wp-image-204\" style=\"border-width:7px;border-top-left-radius:30px;border-top-right-radius:30px;border-bottom-left-radius:30px;border-bottom-right-radius:30px;width:320px\" srcset=\"https:\/\/oppbygging.org\/forsiden2026\/wp-content\/uploads\/2026\/04\/rettet-men-kun-den-i-midten-edited.png 567w, https:\/\/oppbygging.org\/forsiden2026\/wp-content\/uploads\/2026\/04\/rettet-men-kun-den-i-midten-edited-300x200.png 300w\" sizes=\"auto, (max-width: 567px) 100vw, 567px\" \/><\/a><\/figure>\n<\/div>\n\n\n\n<p style=\"font-size:clamp(1.092rem, 1.092rem + ((1vw - 0.2rem) * 0.954), 1.7rem);\">Kanskje f\u00e5r vi til en sammenkomst med overnatting. Et s\u00e5nt arrangement er antagelig mest naturlig p\u00e5 sommeren.&nbsp;<strong>Har du lyst til \u00e5 bidra til \u00e5 skape rom for det&nbsp;<em>du<\/em>&nbsp;liker?<\/strong>&nbsp;Klaus Schwab kan vi snakke om andre steder.<\/p>\n\n\n\n<p style=\"font-size:clamp(1.092rem, 1.092rem + ((1vw - 0.2rem) * 0.954), 1.7rem);\">Har du tenkt \u00e5 starte opp noen ny virksomhet, eller skal l\u00e6re deg \u00e5 spille gitar? Kanskje du har begynt p\u00e5 talekurs, eller har tatt opp en ny diett?<\/p>\n\n\n\n<p style=\"font-size:clamp(1.092rem, 1.092rem + ((1vw - 0.2rem) * 0.954), 1.7rem);\"><strong><a href=\"https:\/\/oppbygging.org\/forsiden2026\/sommerleir\/\" data-type=\"page\" data-id=\"193\">Lese mer<\/a><\/strong><\/p>\n<\/div>\n\n\n\n<div class=\"wp-block-group has-base-background-color has-background wp-container-content-90d19858 is-vertical is-layout-flex wp-container-core-group-is-layout-e5d5efbd wp-block-group-is-layout-flex\" style=\"margin-top:var(--wp--preset--spacing--30);margin-bottom:var(--wp--preset--spacing--30);padding-top:var(--wp--preset--spacing--30);padding-right:var(--wp--preset--spacing--30);padding-bottom:var(--wp--preset--spacing--30);padding-left:var(--wp--preset--spacing--30)\">\n<h1 class=\"wp-block-heading\" style=\"font-style:normal;font-weight:500\">Online: Oppbygging Sosialt<\/h1>\n\n\n\n<div class=\"wp-block-group is-layout-flow wp-block-group-is-layout-flow\">\n<figure class=\"wp-block-image size-full is-resized has-custom-border\" style=\"margin-top:var(--wp--preset--spacing--20);margin-bottom:var(--wp--preset--spacing--20)\"><a href=\"https:\/\/oppbygging.org\/forsiden2026\/sosialt\/\"><img loading=\"lazy\" decoding=\"async\" width=\"525\" height=\"350\" src=\"https:\/\/oppbygging.org\/forsiden2026\/wp-content\/uploads\/2026\/04\/rettet-edited-1.png\" alt=\"\" class=\"has-border-color has-accent-4-border-color wp-image-187\" style=\"border-width:7px;border-top-left-radius:30px;border-top-right-radius:30px;border-bottom-left-radius:30px;border-bottom-right-radius:30px;width:320px\" srcset=\"https:\/\/oppbygging.org\/forsiden2026\/wp-content\/uploads\/2026\/04\/rettet-edited-1.png 525w, https:\/\/oppbygging.org\/forsiden2026\/wp-content\/uploads\/2026\/04\/rettet-edited-1-300x200.png 300w\" sizes=\"auto, (max-width: 525px) 100vw, 525px\" \/><\/a><\/figure>\n<\/div>\n\n\n\n<p style=\"font-size:clamp(1.092rem, 1.092rem + ((1vw - 0.2rem) * 0.954), 1.7rem);\">Ja, man kan jo lage en gruppe hos Mark Zuckerberg, alts\u00e5 p\u00e5 Facebook. Mange gj\u00f8r det. Man kan ogs\u00e5 sette opp et helt eget sosialt nettverkssted. Det har vi gjort.<\/p>\n\n\n\n<p style=\"font-size:clamp(1.092rem, 1.092rem + ((1vw - 0.2rem) * 0.954), 1.7rem);\">Her er det fint \u00e5 poste bilder fra jakt, fiske, tomatplanter som spirer, kokekunst, yoga eller kanskje sykkelreparasjon. Hva Greta Thunberg holder p\u00e5 med, er det ok \u00e5 poste om andre steder; her handler det om&nbsp;<em>deg<\/em>&nbsp;og hva&nbsp;<em>du<\/em>&nbsp;vil.<\/p>\n\n\n\n<p style=\"font-size:clamp(1.092rem, 1.092rem + ((1vw - 0.2rem) * 0.954), 1.7rem);\"><strong><a href=\"https:\/\/oppbygging.org\/forsiden2026\/sosialt\/\" data-type=\"page\" data-id=\"211\">Lese mer<\/a><\/strong><\/p>\n<\/div>\n\n\n\n<div class=\"wp-block-group has-base-background-color has-background is-layout-flow wp-container-core-group-is-layout-51b61599 wp-block-group-is-layout-flow\" style=\"margin-top:var(--wp--preset--spacing--30);margin-bottom:0;padding-top:var(--wp--preset--spacing--30);padding-right:var(--wp--preset--spacing--30);padding-bottom:var(--wp--preset--spacing--30);padding-left:var(--wp--preset--spacing--30)\">\n<div class=\"wp-block-group is-content-justification-space-between is-layout-flex wp-container-core-group-is-layout-cdb5618c wp-block-group-is-layout-flex\" style=\"margin-top:0;margin-bottom:0;padding-top:0;padding-bottom:0\">\n<p class=\"wp-container-content-9cfa9a5a\" style=\"margin-top:0;margin-right:0;margin-bottom:0;margin-left:0;padding-top:0;padding-right:0;padding-bottom:0;padding-left:0;font-size:clamp(1.092rem, 1.092rem + ((1vw - 0.2rem) * 0.954), 1.7rem);\">I utgangspunktet var Oppbygging et online initiativ for \u00e5 ha mer sosialt fokus p\u00e5 gode ting, og s\u00e5 er fysiske treff lagt til etterhvert (\u00d8stlandet). Dette er orientert rundt et program med kortere foredrag fra folk som \u2013 i yrke eller som hobby \u2013 driver med noe praktisk eller intellektuelt skapende.<\/p>\n<\/div>\n<\/div>\n","protected":false},"excerpt":{"rendered":"<p>Filosofen&nbsp;Friedrich Nietzsche&nbsp;beskriver i&nbsp;Slik talte Zarathustra&nbsp;en tredeling av menneskets \u00e5ndelige utvikling gjennom tre symbolske skikkelser:&nbsp;kamelen, l\u00f8ven og barnet. Sammen beskriver disse tre stadiene en bevegelse fra underkastelse, via frigj\u00f8ring, til skapende selvbestemmelse. Oppbygging.org&nbsp;er ikke en avdeling innenfor Fremskrittspartiet, Jehovas Vitner, Binders eller Den Norske Hjemmedataklubben, men er derimot 1) en&nbsp;id\u00e9 som oppstod i hodet til Ulf [&hellip;]<\/p>\n","protected":false},"author":1,"featured_media":0,"parent":0,"menu_order":0,"comment_status":"closed","ping_status":"closed","template":"","meta":{"footnotes":""},"class_list":["post-10","page","type-page","status-publish","hentry"],"_links":{"self":[{"href":"https:\/\/oppbygging.org\/forsiden2026\/wp-json\/wp\/v2\/pages\/10","targetHints":{"allow":["GET"]}}],"collection":[{"href":"https:\/\/oppbygging.org\/forsiden2026\/wp-json\/wp\/v2\/pages"}],"about":[{"href":"https:\/\/oppbygging.org\/forsiden2026\/wp-json\/wp\/v2\/types\/page"}],"author":[{"embeddable":true,"href":"https:\/\/oppbygging.org\/forsiden2026\/wp-json\/wp\/v2\/users\/1"}],"replies":[{"embeddable":true,"href":"https:\/\/oppbygging.org\/forsiden2026\/wp-json\/wp\/v2\/comments?post=10"}],"version-history":[{"count":5,"href":"https:\/\/oppbygging.org\/forsiden2026\/wp-json\/wp\/v2\/pages\/10\/revisions"}],"predecessor-version":[{"id":366,"href":"https:\/\/oppbygging.org\/forsiden2026\/wp-json\/wp\/v2\/pages\/10\/revisions\/366"}],"wp:attachment":[{"href":"https:\/\/oppbygging.org\/forsiden2026\/wp-json\/wp\/v2\/media?parent=10"}],"curies":[{"name":"wp","href":"https:\/\/api.w.org\/{rel}","templated":true}]}}

<div class="wp-block-group has-base-background-color has-background is-layout-flow wp-block-group-is-layout-flow" style="margin-top:0;margin-bottom:var(--wp--preset--spacing--30);padding-top:var(--wp--preset--spacing--30);padding-right:var(--wp--preset--spacing--30);padding-bottom:var(--wp--preset--spacing--30);padding-left:var(--wp--preset--spacing--30)">
<p style="font-size:clamp(1.198rem, 1.198rem + ((1vw - 0.2rem) * 1.101), 1.9rem);">Filosofen&nbsp;<strong>Friedrich Nietzsche</strong>&nbsp;beskriver i&nbsp;<em>Slik talte Zarathustra</em>&nbsp;en tredeling av menneskets åndelige utvikling gjennom tre symbolske skikkelser:&nbsp;<strong>kamelen, løven og barnet</strong>. Sammen beskriver disse tre stadiene en bevegelse fra underkastelse, via frigjøring, til skapende selvbestemmelse.</p>
</div>



<div class="wp-block-group has-base-background-color has-background is-layout-flow wp-container-core-group-is-layout-778b2e3c wp-block-group-is-layout-flow" style="margin-top:var(--wp--preset--spacing--30);margin-bottom:var(--wp--preset--spacing--30);padding-top:var(--wp--preset--spacing--30);padding-right:var(--wp--preset--spacing--30);padding-bottom:var(--wp--preset--spacing--30);padding-left:var(--wp--preset--spacing--30)">
<div class="wp-block-group is-content-justification-space-between is-layout-flex wp-container-core-group-is-layout-cdb5618c wp-block-group-is-layout-flex" style="margin-top:0;margin-bottom:0;padding-top:0;padding-bottom:0">
<p class="wp-container-content-9cfa9a5a" style="margin-top:0;margin-right:0;margin-bottom:0;margin-left:0;padding-top:0;padding-right:0;padding-bottom:0;padding-left:0;font-size:clamp(1.092rem, 1.092rem + ((1vw - 0.2rem) * 0.954), 1.7rem);"><strong>Oppbygging.org</strong>&nbsp;er ikke en avdeling innenfor Fremskrittspartiet, Jehovas Vitner, Binders eller Den Norske Hjemmedataklubben, men er derimot 1) en&nbsp;<a href="https://oppbygging.org/start/om/tanken-bak/">idé som oppstod i hodet til Ulf Ayirtahsk Berg</a>, 2) et nettsted han kjøpte for 137 kr, og 3) en sammenheng for å møte folk som har noe i livet de syns er bra.</p>
</div>
</div>



<div class="wp-block-group has-base-background-color has-background wp-container-content-90d19858 is-vertical is-layout-flex wp-container-core-group-is-layout-d4c5dd98 wp-block-group-is-layout-flex" style="margin-top:var(--wp--preset--spacing--30);margin-bottom:var(--wp--preset--spacing--30);padding-top:var(--wp--preset--spacing--30);padding-right:var(--wp--preset--spacing--30);padding-bottom:var(--wp--preset--spacing--40);padding-left:var(--wp--preset--spacing--30)">
<h1 class="wp-block-heading" style="font-style:normal;font-weight:500">Kaffe</h1>



<div class="wp-block-group is-layout-flow wp-block-group-is-layout-flow">
<figure class="wp-block-image size-full is-resized has-custom-border wp-container-content-8eb0bdf3" style="margin-top:var(--wp--preset--spacing--20);margin-bottom:var(--wp--preset--spacing--20)"><a href="https://oppbygging.org/kaffe/"><img loading="lazy" decoding="async" width="514" height="342" src="https://oppbygging.org/forsiden2026/wp-content/uploads/2026/04/rettet-edited.png" alt="" class="has-border-color has-accent-4-border-color wp-image-184" style="border-width:7px;border-top-left-radius:30px;border-top-right-radius:30px;border-bottom-left-radius:30px;border-bottom-right-radius:30px;width:320px" srcset="https://oppbygging.org/forsiden2026/wp-content/uploads/2026/04/rettet-edited.png 514w, https://oppbygging.org/forsiden2026/wp-content/uploads/2026/04/rettet-edited-300x200.png 300w" sizes="auto, (max-width: 514px) 100vw, 514px" /></a></figure>
</div>



<p style="font-size:clamp(1.092rem, 1.092rem + ((1vw - 0.2rem) * 0.954), 1.7rem);">Våre kaffeslabberas er for deg som har lyst til å sosialisere deg litt i en sammenheng satt av til <strong>deg</strong> og ting&nbsp;<em><strong>du</strong></em>&nbsp;liker. Bill Gates kan vi snakke masse om i andre sammenhenger.</p>



<p style="font-size:clamp(1.092rem, 1.092rem + ((1vw - 0.2rem) * 0.954), 1.7rem);">Sammenkomsten har ett eller to forhåndsavtalte korte foredrag om skaping, læring eller lignende, og resten av tiden prater vi og drikker kaffe: Holder du på med å strikke noe, eller kanskje bygger hus, trener styrke eller lærer spansk? 💪</p>



<p style="font-size:clamp(1.092rem, 1.092rem + ((1vw - 0.2rem) * 0.954), 1.7rem);"><strong><a href="https://oppbygging.org/kaffe/" target="_blank" rel="noreferrer noopener">Lese mer</a></strong></p>
</div>



<div class="wp-block-group has-base-background-color has-background wp-container-content-90d19858 is-vertical is-layout-flex wp-container-core-group-is-layout-e5d5efbd wp-block-group-is-layout-flex" style="margin-top:var(--wp--preset--spacing--30);margin-bottom:var(--wp--preset--spacing--30);padding-top:var(--wp--preset--spacing--30);padding-right:var(--wp--preset--spacing--30);padding-bottom:var(--wp--preset--spacing--30);padding-left:var(--wp--preset--spacing--30)">
<h1 class="wp-block-heading" style="font-style:normal;font-weight:500">Leir</h1>



<div class="wp-block-group is-layout-flow wp-block-group-is-layout-flow">
<figure class="wp-block-image size-large is-resized has-custom-border" style="margin-top:var(--wp--preset--spacing--20);margin-bottom:var(--wp--preset--spacing--20)"><a href="https://oppbygging.org/forsiden2026/sommerleir/"><img loading="lazy" decoding="async" width="567" height="378" src="https://oppbygging.org/forsiden2026/wp-content/uploads/2026/04/rettet-men-kun-den-i-midten-edited.png" alt="" class="has-border-color has-accent-4-border-color wp-image-204" style="border-width:7px;border-top-left-radius:30px;border-top-right-radius:30px;border-bottom-left-radius:30px;border-bottom-right-radius:30px;width:320px" srcset="https://oppbygging.org/forsiden2026/wp-content/uploads/2026/04/rettet-men-kun-den-i-midten-edited.png 567w, https://oppbygging.org/forsiden2026/wp-content/uploads/2026/04/rettet-men-kun-den-i-midten-edited-300x200.png 300w" sizes="auto, (max-width: 567px) 100vw, 567px" /></a></figure>
</div>



<p style="font-size:clamp(1.092rem, 1.092rem + ((1vw - 0.2rem) * 0.954), 1.7rem);">Kanskje får vi til en sammenkomst med overnatting. Et sånt arrangement er antagelig mest naturlig på sommeren.&nbsp;<strong>Har du lyst til å bidra til å skape rom for det&nbsp;<em>du</em>&nbsp;liker?</strong>&nbsp;Klaus Schwab kan vi snakke om andre steder.</p>



<p style="font-size:clamp(1.092rem, 1.092rem + ((1vw - 0.2rem) * 0.954), 1.7rem);">Har du tenkt å starte opp noen ny virksomhet, eller skal lære deg å spille gitar? Kanskje du har begynt på talekurs, eller har tatt opp en ny diett?</p>



<p style="font-size:clamp(1.092rem, 1.092rem + ((1vw - 0.2rem) * 0.954), 1.7rem);"><strong><a href="https://oppbygging.org/forsiden2026/sommerleir/" data-type="page" data-id="193">Lese mer</a></strong></p>
</div>



<div class="wp-block-group has-base-background-color has-background wp-container-content-90d19858 is-vertical is-layout-flex wp-container-core-group-is-layout-e5d5efbd wp-block-group-is-layout-flex" style="margin-top:var(--wp--preset--spacing--30);margin-bottom:var(--wp--preset--spacing--30);padding-top:var(--wp--preset--spacing--30);padding-right:var(--wp--preset--spacing--30);padding-bottom:var(--wp--preset--spacing--30);padding-left:var(--wp--preset--spacing--30)">
<h1 class="wp-block-heading" style="font-style:normal;font-weight:500">Online: Oppbygging Sosialt</h1>



<div class="wp-block-group is-layout-flow wp-block-group-is-layout-flow">
<figure class="wp-block-image size-full is-resized has-custom-border" style="margin-top:var(--wp--preset--spacing--20);margin-bottom:var(--wp--preset--spacing--20)"><a href="https://oppbygging.org/forsiden2026/sosialt/"><img loading="lazy" decoding="async" width="525" height="350" src="https://oppbygging.org/forsiden2026/wp-content/uploads/2026/04/rettet-edited-1.png" alt="" class="has-border-color has-accent-4-border-color wp-image-187" style="border-width:7px;border-top-left-radius:30px;border-top-right-radius:30px;border-bottom-left-radius:30px;border-bottom-right-radius:30px;width:320px" srcset="https://oppbygging.org/forsiden2026/wp-content/uploads/2026/04/rettet-edited-1.png 525w, https://oppbygging.org/forsiden2026/wp-content/uploads/2026/04/rettet-edited-1-300x200.png 300w" sizes="auto, (max-width: 525px) 100vw, 525px" /></a></figure>
</div>



<p style="font-size:clamp(1.092rem, 1.092rem + ((1vw - 0.2rem) * 0.954), 1.7rem);">Ja, man kan jo lage en gruppe hos Mark Zuckerberg, altså på Facebook. Mange gjør det. Man kan også sette opp et helt eget sosialt nettverkssted. Det har vi gjort.</p>



<p style="font-size:clamp(1.092rem, 1.092rem + ((1vw - 0.2rem) * 0.954), 1.7rem);">Her er det fint å poste bilder fra jakt, fiske, tomatplanter som spirer, kokekunst, yoga eller kanskje sykkelreparasjon. Hva Greta Thunberg holder på med, er det ok å poste om andre steder; her handler det om&nbsp;<em>deg</em>&nbsp;og hva&nbsp;<em>du</em>&nbsp;vil.</p>



<p style="font-size:clamp(1.092rem, 1.092rem + ((1vw - 0.2rem) * 0.954), 1.7rem);"><strong><a href="https://oppbygging.org/forsiden2026/sosialt/" data-type="page" data-id="211">Lese mer</a></strong></p>
</div>



<div class="wp-block-group has-base-background-color has-background is-layout-flow wp-container-core-group-is-layout-51b61599 wp-block-group-is-layout-flow" style="margin-top:var(--wp--preset--spacing--30);margin-bottom:0;padding-top:var(--wp--preset--spacing--30);padding-right:var(--wp--preset--spacing--30);padding-bottom:var(--wp--preset--spacing--30);padding-left:var(--wp--preset--spacing--30)">
<div class="wp-block-group is-content-justification-space-between is-layout-flex wp-container-core-group-is-layout-cdb5618c wp-block-group-is-layout-flex" style="margin-top:0;margin-bottom:0;padding-top:0;padding-bottom:0">
<p class="wp-container-content-9cfa9a5a" style="margin-top:0;margin-right:0;margin-bottom:0;margin-left:0;padding-top:0;padding-right:0;padding-bottom:0;padding-left:0;font-size:clamp(1.092rem, 1.092rem + ((1vw - 0.2rem) * 0.954), 1.7rem);">I utgangspunktet var Oppbygging et online initiativ for å ha mer sosialt fokus på gode ting, og så er fysiske treff lagt til etterhvert (Østlandet). Dette er orientert rundt et program med kortere foredrag fra folk som – i yrke eller som hobby – driver med noe praktisk eller intellektuelt skapende.</p>
</div>
</div>

<p>Filosofen&nbsp;Friedrich Nietzsche&nbsp;beskriver i&nbsp;Slik talte Zarathustra&nbsp;en tredeling av menneskets åndelige utvikling gjennom tre symbolske skikkelser:&nbsp;kamelen, løven og barnet. Sammen beskriver disse tre stadiene en bevegelse fra underkastelse, via frigjøring, til skapende selvbestemmelse. Oppbygging.org&nbsp;er ikke en avdeling innenfor Fremskrittspartiet, Jehovas Vitner, Binders eller Den Norske Hjemmedataklubben, men er derimot 1) en&nbsp;idé som oppstod i hodet til Ulf [&hellip;]</p>
